{"id":6144,"date":"2022-03-26T02:26:55","date_gmt":"2022-03-25T23:26:55","guid":{"rendered":"http:\/\/www.elifolgac.com\/?page_id=6144"},"modified":"2022-05-01T23:30:15","modified_gmt":"2022-05-01T20:30:15","slug":"haber","status":"publish","type":"page","link":"https:\/\/www.elifolgac.com\/?page_id=6144","title":{"rendered":"Bizden Haberler"},"content":{"rendered":"\t\t<div data-elementor-type=\"wp-page\" data-elementor-id=\"6144\" class=\"elementor elementor-6144\">\n\t\t\t\t\t\t<section class=\"elementor-section elementor-top-section elementor-element elementor-element-ba51fec elementor-section-boxed elementor-section-height-default elementor-section-height-default\" data-id=\"ba51fec\" data-element_type=\"section\">\n\t\t\t\t\t\t<div class=\"elementor-container elementor-column-gap-default\">\n\t\t\t\t\t<div class=\"elementor-column elementor-col-100 elementor-top-column elementor-element elementor-element-5c4b887\" data-id=\"5c4b887\" data-element_type=\"column\">\n\t\t\t<div class=\"elementor-widget-wrap elementor-element-populated\">\n\t\t\t\t\t\t<div class=\"elementor-element elementor-element-6d2c375 elementor-widget elementor-widget-heading\" data-id=\"6d2c375\" data-element_type=\"widget\" data-widget_type=\"heading.default\">\n\t\t\t\t<div class=\"elementor-widget-container\">\n\t\t\t<style>\/*! elementor - v3.21.0 - 08-05-2024 *\/\n.elementor-heading-title{padding:0;margin:0;line-height:1}.elementor-widget-heading .elementor-heading-title[class*=elementor-size-]>a{color:inherit;font-size:inherit;line-height:inherit}.elementor-widget-heading .elementor-heading-title.elementor-size-small{font-size:15px}.elementor-widget-heading .elementor-heading-title.elementor-size-medium{font-size:19px}.elementor-widget-heading .elementor-heading-title.elementor-size-large{font-size:29px}.elementor-widget-heading .elementor-heading-title.elementor-size-xl{font-size:39px}.elementor-widget-heading .elementor-heading-title.elementor-size-xxl{font-size:59px}<\/style><h2 class=\"elementor-heading-title elementor-size-default\">| Bizden Haberler<\/h2>\t\t<\/div>\n\t\t\t\t<\/div>\n\t\t\t\t<div class=\"elementor-element elementor-element-76cb7f3 elementor-widget elementor-widget-ere-news-widget-home\" data-id=\"76cb7f3\" data-element_type=\"widget\" data-widget_type=\"ere-news-widget-home.default\">\n\t\t\t\t<div class=\"elementor-widget-container\">\n\t\t\t            <section id=\"rh-76cb7f3\" class=\"rhea_ele_property_ajax_target rhea_latest_properties_ajax rh_elementor_widget rh_wrapper__news_elementor\">\n                <div class=\"home-properties-section-inner-target\">\n                    <div class=\"rh_properties_pagination_append rh_section__news_elementor\">\n\t\t\t\t\t\t                            <article>\n\n                                <div class=\"rh_news_module_inner\">\n                                    <div class=\"rh-wrapper-post-media\">\n\t\t\t\t\t\t\t\t\t\t\t<figure>\n\t\t<a href=\"https:\/\/www.elifolgac.com\/?p=6186\" title=\"T\u0131p Bayram\u0131\">\n\t\t\t<img fetchpriority=\"high\" decoding=\"async\" width=\"680\" height=\"510\" src=\"https:\/\/www.elifolgac.com\/wp-content\/uploads\/2022\/03\/WhatsApp-Image-2022-03-24-at-15.55.35-3-680x510.jpeg\" class=\"attachment-modern-property-child-slider size-modern-property-child-slider wp-post-image\" alt=\"\" \/>\t\t<\/a>\n\t<\/figure>\n\t                                    <\/div>\n\n                                    <div class=\"rh-wrapper-post-contents_elementor\">\n\t\t\t\t\t\t\t\t\t\t                                            <div class=\"post_meta_elementor\">\n\t\t\t\t\t\t\t\t\t\t\t\t                                                        <span class=\"categories\">\n                                                            <span class=\"category_in\">\n                                                                In                                                                    <a href=\"https:\/\/www.elifolgac.com\/?cat=1\">Haberler<\/a>\n\t                                                                                                                            <\/span>\n                                                        <\/span>\n                                                                                                    <\/div>\n\t\t\t\t\t\t\t\t\t\t\t\n                                        <h3 class=\"post-title\">\n                                            <a href=\"https:\/\/www.elifolgac.com\/?p=6186\">T\u0131p Bayram\u0131<\/a>\n                                        <\/h3>\n\n\t\t\t\t\t\t\t\t\t\t                                            <p>T\u00fcm sa\u011fl\u0131k \u00e7al\u0131\u015fanlar\u0131m\u0131z\u0131n 14 Mart T\u0131p Bayram\u0131&#8217;n\u0131 en i\u00e7ten dileklerimiz ile kutlar\u0131z.<\/p>\n                                                                                <\/div>\n                                <\/div>\n                            <\/article>\n                                                        <article>\n\n                                <div class=\"rh_news_module_inner\">\n                                    <div class=\"rh-wrapper-post-media\">\n\t\t\t\t\t\t\t\t\t\t\t<figure>\n\t\t<a href=\"https:\/\/www.elifolgac.com\/?p=5285\" title=\"Yeni Y\u0131l\u0131n\u0131z Kutlu Olsun&#8230;\">\n\t\t\t<img decoding=\"async\" width=\"680\" height=\"510\" src=\"https:\/\/www.elifolgac.com\/wp-content\/uploads\/2022\/02\/elifolgac_facebook_yeniyil-680x510.jpg\" class=\"attachment-modern-property-child-slider size-modern-property-child-slider wp-post-image\" alt=\"\" \/>\t\t<\/a>\n\t<\/figure>\n\t                                    <\/div>\n\n                                    <div class=\"rh-wrapper-post-contents_elementor\">\n\t\t\t\t\t\t\t\t\t\t                                            <div class=\"post_meta_elementor\">\n\t\t\t\t\t\t\t\t\t\t\t\t                                                        <span class=\"categories\">\n                                                            <span class=\"category_in\">\n                                                                In                                                                    <a href=\"https:\/\/www.elifolgac.com\/?cat=1\">Haberler<\/a>\n\t                                                                                                                            <\/span>\n                                                        <\/span>\n                                                                                                    <\/div>\n\t\t\t\t\t\t\t\t\t\t\t\n                                        <h3 class=\"post-title\">\n                                            <a href=\"https:\/\/www.elifolgac.com\/?p=5285\">Yeni Y\u0131l\u0131n\u0131z Kutlu Olsun&#8230;<\/a>\n                                        <\/h3>\n\n\t\t\t\t\t\t\t\t\t\t                                            <p>Elif OLGA\u00c7 Gayrimenkul ve Yat\u0131r\u0131m Dan\u0131\u015fmanl\u0131\u011f\u0131 olarak Nice sa\u011fl\u0131kl\u0131 mutlu huzurlu y\u0131llar dileriz.<\/p>\n                                                                                <\/div>\n                                <\/div>\n                            <\/article>\n                                                <\/div>\n\t\t\t\t\t                        <div class=\"rhea_svg_loader\">\n\t\t\t\t\t\t\t<svg xmlns=\"http:\/\/www.w3.org\/2000\/svg\" viewBox=\"0 0 32 32\" width=\"32\" height=\"32\" fill=\"#dedede\">\n  <path transform=\"translate(2)\" d=\"M0 12 V20 H4 V12z\"> \n    <animate attributeName=\"d\" values=\"M0 12 V20 H4 V12z; M0 4 V28 H4 V4z; M0 12 V20 H4 V12z; M0 12 V20 H4 V12z\" dur=\"1.2s\" repeatCount=\"indefinite\" begin=\"0\" keytimes=\"0;.2;.5;1\" keySplines=\"0.2 0.2 0.4 0.8;0.2 0.6 0.4 0.8;0.2 0.8 0.4 0.8\" calcMode=\"spline\"  \/>\n  <\/path>\n  <path transform=\"translate(8)\" d=\"M0 12 V20 H4 V12z\">\n    <animate attributeName=\"d\" values=\"M0 12 V20 H4 V12z; M0 4 V28 H4 V4z; M0 12 V20 H4 V12z; M0 12 V20 H4 V12z\" dur=\"1.2s\" repeatCount=\"indefinite\" begin=\"0.2\" keytimes=\"0;.2;.5;1\" keySplines=\"0.2 0.2 0.4 0.8;0.2 0.6 0.4 0.8;0.2 0.8 0.4 0.8\" calcMode=\"spline\"  \/>\n  <\/path>\n  <path transform=\"translate(14)\" d=\"M0 12 V20 H4 V12z\">\n    <animate attributeName=\"d\" values=\"M0 12 V20 H4 V12z; M0 4 V28 H4 V4z; M0 12 V20 H4 V12z; M0 12 V20 H4 V12z\" dur=\"1.2s\" repeatCount=\"indefinite\" begin=\"0.4\" keytimes=\"0;.2;.5;1\" keySplines=\"0.2 0.2 0.4 0.8;0.2 0.6 0.4 0.8;0.2 0.8 0.4 0.8\" calcMode=\"spline\" \/>\n  <\/path>\n  <path transform=\"translate(20)\" d=\"M0 12 V20 H4 V12z\">\n    <animate attributeName=\"d\" values=\"M0 12 V20 H4 V12z; M0 4 V28 H4 V4z; M0 12 V20 H4 V12z; M0 12 V20 H4 V12z\" dur=\"1.2s\" repeatCount=\"indefinite\" begin=\"0.6\" keytimes=\"0;.2;.5;1\" keySplines=\"0.2 0.2 0.4 0.8;0.2 0.6 0.4 0.8;0.2 0.8 0.4 0.8\" calcMode=\"spline\" \/>\n  <\/path>\n  <path transform=\"translate(26)\" d=\"M0 12 V20 H4 V12z\">\n    <animate attributeName=\"d\" values=\"M0 12 V20 H4 V12z; M0 4 V28 H4 V4z; M0 12 V20 H4 V12z; M0 12 V20 H4 V12z\" dur=\"1.2s\" repeatCount=\"indefinite\" begin=\"0.8\" keytimes=\"0;.2;.5;1\" keySplines=\"0.2 0.2 0.4 0.8;0.2 0.6 0.4 0.8;0.2 0.8 0.4 0.8\" calcMode=\"spline\" \/>\n  <\/path>\n<\/svg>\n                        <\/div>\n\t\t\t\t\t\t                <\/div>\n            <\/section>\n\t\t\t\t\t<\/div>\n\t\t\t\t<\/div>\n\t\t\t\t\t<\/div>\n\t\t<\/div>\n\t\t\t\t\t<\/div>\n\t\t<\/section>\n\t\t\t\t<\/div>\n\t\t","protected":false},"excerpt":{"rendered":"<p>| Bizden Haberler In Haberler Yeni Y\u0131l\u0131n\u0131z Kutlu Olsun\u2026 Elif OLGA\u00c7 Gayrimenkul ve Yat\u0131r\u0131m Dan\u0131\u015fmanl\u0131\u011f\u0131 olarak Nice sa\u011fl\u0131kl\u0131 mutlu huzurlu y\u0131llar dileriz.<\/p>\n","protected":false},"author":1,"featured_media":0,"parent":0,"menu_order":0,"comment_status":"closed","ping_status":"closed","template":"","meta":{"_monsterinsights_skip_tracking":false,"_monsterinsights_sitenote_active":false,"_monsterinsights_sitenote_note":"","_monsterinsights_sitenote_category":0,"_uf_show_specific_survey":0,"_uf_disable_surveys":false,"footnotes":""},"class_list":["post-6144","page","type-page","status-publish","hentry"],"aioseo_notices":[],"_links":{"self":[{"href":"https:\/\/www.elifolgac.com\/index.php?rest_route=\/wp\/v2\/pages\/6144","targetHints":{"allow":["GET"]}}],"collection":[{"href":"https:\/\/www.elifolgac.com\/index.php?rest_route=\/wp\/v2\/pages"}],"about":[{"href":"https:\/\/www.elifolgac.com\/index.php?rest_route=\/wp\/v2\/types\/page"}],"author":[{"embeddable":true,"href":"https:\/\/www.elifolgac.com\/index.php?rest_route=\/wp\/v2\/users\/1"}],"replies":[{"embeddable":true,"href":"https:\/\/www.elifolgac.com\/index.php?rest_route=%2Fwp%2Fv2%2Fcomments&post=6144"}],"version-history":[{"count":21,"href":"https:\/\/www.elifolgac.com\/index.php?rest_route=\/wp\/v2\/pages\/6144\/revisions"}],"predecessor-version":[{"id":6655,"href":"https:\/\/www.elifolgac.com\/index.php?rest_route=\/wp\/v2\/pages\/6144\/revisions\/6655"}],"wp:attachment":[{"href":"https:\/\/www.elifolgac.com\/index.php?rest_route=%2Fwp%2Fv2%2Fmedia&parent=6144"}],"curies":[{"name":"wp","href":"https:\/\/api.w.org\/{rel}","templated":true}]}}